m - 2. Let a = -1301 + 1333. Give u(a).
-2
Let d(z) = -z**3 + 14*z**2 + 46*z + 78. Let g be d(17). Let m(s) = s**3 + 4*s**2 - 7*s + 11. Determine m(g).
-87
Let c = 3791 - 3794. Let a(t) = -4*t**2 - 4*t - 5. Determine a(c).
-29
Let w(c) = -6*c**2 - 4*c - 5. Let d(g) = -6*g**2 - 5*g - 6. Let m(y) = 6*d(y) - 7*w(y). Suppose -110*l + 24 = -102*l + 8. Determine m(l).
19
Let g(c) = c + 16. Let z be g(0). Let d(y) = 26 - 66*y**2 + 610*y - y**3 + 81*y**2 - 596*y. What is d(z)?
-6
Let a(u) = -3*u**2 + 9*u - 144. Let c(i) = 8*i**2 - 17*i + 290. Let h(l) = -5*a(l) - 2*c(l). Calculate h(7).
14
Let o(m) be the first derivative of 3*m**4/4 - m**3/6 + 44*m + 161. Let z(x) be the first derivative of o(x). Determine z(-1).
10
Let v(a) = 76*a + 13. Let p(n) = 64*n + 12. Let g(o) = 6*p(o) - 5*v(o). Let b be (-1 - -19)/(1 - 0). Suppose 0 = 2*j - 6 + b. Give g(j).
-17
Let x(l) be the first derivative of 1/2*l**2 + 0*l - 104 - 1/3*l**3 - 1/4*l**4. Determine x(1).
-1
Let h(v) = 10 - 7*v - 6*v**2 - 16 + 69*v**3 - 116*v**3 + 46*v**3. Give h(-5).
4
Let l(k) = 4 + 4 - k + 0. Suppose 134*v - 8547 = -421*v - 222*v. Give l(v).
-3
Let x(o) be the first derivative of 5/3*o**3 + 54 + 1/4*o**4 + 2*o + o**2. Calculate x(-5).
-8
Let j(u) be the third derivative of u**4/12 + u**3/3 - 25*u**2 + 3. Let r(a) = 2 - a**2 + 5 - 5 - 15*a - a. Let i be r(-16). Calculate j(i).
6
Let d(o) be the first derivative of 4*o**3/3 - 13*o**2/2 + 2*o - 760. Determine d(4).
14
Suppose -14*j - 101 + 23 = 34. Let y(o) = -6. Let a(b) = -b + 29. Let q(m) = -2*a(m) - 11*y(m). Give q(j).
-8
Let p(h) = 10*h + 7*h**2 + 3 - 13 + 4*h + 9*h. Let o(y) = -3*y**2 - 11*y + 6. Let v(l) = -5*o(l) - 2*p(l). Calculate v(-10).
0
Suppose 5*o - 5*h - 12 - 3 = 0, 4*h = -o - 2. Let l(i) = 4*i**3 - 33*i**2 - 3 + 14*i**2 + 20*i**o - 3*i. Determine l(-1).
-3
Let a(c) be the second derivative of c**4/6 + 15*c**3/2 - 145*c**2/2 + 3959*c. What is a(3)?
8
Suppose 23 = 5*h - h + x, 32 = h - 5*x. Suppose z + 9 = h. Let c(k) = -5. Let i(t) = -t - 24. Let l(r) = 10*c(r) - 2*i(r). Determine l(z).
-6
Let a = 32 + -33. Let m(g) = -9*g - 2. Let q be m(a). Let t(w) = 4*w - q*w - 4*w - w**2. Give t(-3).
12
Suppose 3*w = 5*g + 50, -w + 7*g = 2*w - 52. Let u(z) = z**3 - 16*z**2 + 22*z - 92. What is u(w)?
13
Let t(h) be the first derivative of -h**4/4 - h**3 + 9*h**2/2 - 2*h - 9117. Calculate t(-5).
3
Let o be (-5)/10*10 - 21/((-24)/8). Let q(c) be the first derivative of -2/3*c**3 + o*c**2 + 23 + 3*c - 1/4*c**4. Calculate q(-3).
0
Let v(h) be the first derivative of -h**4/4 + 7*h**3/3 + 7*h**2/2 + 5*h - 1163. Determine v(8).
-3
Let m(h) = h - 15. Let t(b) = 25*b - 133. Let z be t(0). Let q be (-5 - -3)/(-3 + z/(-49)). What is m(q)?
-8
Suppose 2*g + 2*g = l, -4*l - 2*g = -18. Suppose 0 = d + l*d. Let f(r) = -407*r + 2. Let q(m) = 610*m - 2. Let a(b) = -3*f(b) - 2*q(b). Give a(d).
-2
Let l(v) be the first derivative of v**3/3 + 15*v**2/2 + 38*v - 654. What is l(-10)?
-12
Suppose -4*y + 196 = 2*w, 14*y = 15*y + 2*w - 43. Let r = -55 + y. Let s(i) = -4*i - 9. Let a(m) = 5*m + 9. Let c(g) = -3*a(g) - 4*s(g). Calculate c(r).
5
Suppose -49*k = 5*k - 6*k + 192. Let g(f) = f**2 - 30*f - 134. What is g(k)?
2
Suppose 52*t + 574 = 54. Let p(n) = -n + 1. Give p(t).
11
Let v(u) = 18*u**2 + 42*u - 35. Let g(s) = -13*s**2 - 29*s + 24. Let d(k) = 7*g(k) + 5*v(k). Determine d(-3).
-37
Let s(w) = -160*w - 3. Let l be s(-3). Suppose -3*u = -3*f + l, -4*u - 130 = 2*f - 418. Let n = f - 156. Let y(g) = g**3 - g**2 + 2. Calculate y(n).
-10
Let g = 7 + -2. Let a be (0 - 1)*(g - 0). Let o(h) = 112*h**2 + 8*h - 105*h**2 + 58*h**3 - 57*h**3 + 3. What is o(a)?
13
Let w be (((-8)/48)/(5/(-60)))/((-2)/7). Let k(a) = -a**3 - 8*a**2 + 3*a + 12. Calculate k(w).
-58
Let i(s) be the first derivative of 2*s**2 - s - 1. Suppose 0 = 5*z - 58 + 43. Let l be ((-1)/z)/((-1)/3). Calculate i(l).
3
Let c(t) = -18*t**3 + 18*t**2 + 9*t + 18. Let b(g) be the first derivative of 9*g**4/4 - 8*g**3/3 - 2*g**2 - 8*g - 63. Let d(k) = 9*b(k) + 4*c(k). Give d(1).
9
Let s(h) be the second derivative of h**3 + 7*h**2/2 + 14*h. Let x be 16*(55/22 - 3) + 4. Calculate s(x).
-17
Suppose 0 = 2*c - 3 - 25. Suppose -5*y = -20, y = 2*z - c + 6. Let q(l) be the first derivative of l**4/4 - 7*l**3/3 + 3*l**2 + 4*l - 50. Give q(z).
4
Let w(j) = j**3 - 5*j**2 - 2*j + 3. Let d(o) = 28*o**2 - 2*o - 3. Let x be d(-1). Suppose -8*f - f = -x. Determine w(f).
-21
Let d(s) be the first derivative of s**4/4 + 8*s**3 + 81*s**2/2 + 5*s - 3011. What is d(-4)?
1
Let t(k) = -3*k + 7. Suppose 77*j - 83*j = -96. Let q = 24 - j. What is t(q)?
-17
Let z(t) be the second derivative of -t**5/20 + 7*t**4/2 + 43*t**3/6 - 3*t**2/2 - 2061*t. Give z(43).
-3
Let r(y) = -54*y - 160. Let o be r(-3). Let u(p) = -14*p**3 + p**2 + 2. Give u(o).
-106
Let k(c) be the second derivative of -c**4/12 + c**3/6 - 8*c**2 + 42*c - 3. Calculate k(0).
-16
Let t(s) = -2*s - 31. Let n(g) = 7*g**2 + 22*g - 8. Let z be n(-4). Let u(r) = r**3 - 15*r**2 - 16*r - 13. Let o be u(z). Calculate t(o).
-5
Let r(h) be the third derivative of h**6/120 - 3*h**5/20 + h**4/3 + h**3/3 - 13*h**2. Let s = -7 + 0. Let b = 15 + s. Calculate r(b).
2
Suppose 0 = -3*l, -3*h - 3*l - 7 = 8. Let z(p) = p - 8. Let c(x) = x - 5. Let o(v) = h*z(v) + 7*c(v). Let u = -775 - -769. Determine o(u).
-7
Let w(f) = 3*f + 33. Let a = -2869 + 2854. Determine w(a).
-12
Suppose 7*h - 91 - 72 + 44 = 0. Let t(f) = -f**3 + 19*f**2 - 34*f + 36. Calculate t(h).
36
Suppose -28*s + 38*s - 110 = 0. Let v(q) = -2*q**2 + 20*q + 23. Let c be v(s). Let w(a) = -a**2 - a. Determine w(c).
-2
Suppose -2*m + 2 = -90. Let k(z) = -6 + m*z**2 - 101*z**2 + 54*z**2 - 6*z. Calculate k(-6).
-6
Let o = -11588 - -11585. Let p(t) be the second derivative of -5*t**3/6 + 5*t**2/2 - 7*t. Calculate p(o).
20
Let b(d) be the first derivative of d**3/2 - 3*d**2/2 - 71*d + 40. Let p(u) be the first derivative of b(u). What is p(-4)?
-15
Suppose 0 = -5*v - 6*v. Let b(d) = -5*d**2 - 7*d + 2*d**3 + 0*d**2 - 3*d**3 - 5 + v*d**3. Let f be 9/(-6)*(-8)/(-3). Give b(f).
7
Let d(l) = -470*l - 379*l + 816*l + 11. Give d(2).
-55
Suppose 0 = 104*r + 29 + 491. Let d(y) be the third derivative of y**5/60 + y**4/6 + y**3/6 - y**2. Give d(r).
6
Suppose 5*d - 9*d - 18 = -5*c, 5*d + 20 = 5*c. Let x be ((-8)/(-12))/(d/6). Let y(v) = -4*v**2 - 2*v - 2. Give y(x).
-14
Let b = 16854 + -16861. Let x(k) = -3*k**3 - 9*k**2 + 3*k - 1. Let t(z) = z**3 + z**2 - z - 1. Let q(i) = 2*t(i) + x(i). Determine q(b).
-10
Let x(d) = -d**2 + d + 10. Let u = 17 - 17. Let i be x(u). Let g(p) be the first derivative of -p**2/2 + 14*p + 140. Calculate g(i).
4
Let d(a) = a**3 - 4*a**2 - 5*a + 5. Let v(k) = -k**2 - 7*k - 5. Let j be v(-2). Let x be d(j). Let q(g) = -1 - 12*g - 3 + 13*g. What is q(x)?
1
Let k(r) be the third derivative of -r**6/60 + 3*r**5/20 + r**4/12 + 13*r**3/3 + 3811*r**2. What is k(5)?
11
Let d = 248 - 248. Suppose 5*b = -5 + 35. Let r(k) = 24*k**2 - 12*k**2 + b - 13*k**2. Give r(d).
6
Let y be ((-12)/(-48) - (-10)/(-8)) + -11. Let t be 3/(7 + y/2). Let k(d) = -2*d - 3. What is k(t)?
-9
Let y(o) = -101*o + 1413. Let x be y(14). Let r(b) = 16*b**2 - 2*b - 1. Determine r(x).
17
Let n = -21291 + 21281. Let c(x) = -x**2 - 10*x - 8. Determine c(n).
-8
Let s(y) = -y - 8. Let j be s(-18). Suppose -2*g = -7*g - j. Let u(v) = 3*v**2 + 3*v**2 - 2*v**2 - 5*v**2 - 3*v. Give u(g).
2
Let s(h) be the second derivative of h**5/60 + 5*h**4/24 + 2*h**3/3 + 45*h**2 - 32*h. Let w(b) be the first derivative of s(b). What is w(-6)?
10
Let t(c) = 2*c - 109. Let o be (968/(-154))/(8/(-112)*4). What is t(o)?
-65
Let a = 0 + 4. Let v(f) = 5*f + 2. Let z(b) = 4*b + 3. Let j(p) = a*z(p) - 3*v(p). Suppose -52*y + 29 = 289. What is j(y)?
1
Let s(b) = -7*b**2 + 4*b + 1. Let x(f) = 20*f**2 - 11*f - 3. Let q(h) = 11*s(h) + 4*x(h). Suppose -10*t + 6 = -4*t. Determine q(t).
2
Let u = -4257 + 4256. Let q(p) = -2*p**2 - p + 2. What is q(u)?
1
Let z(p) = -10*p + 0*p - p**2 - 3*p + 4*p + 0*p. Let j be (2/5)/((-7)/(-700)). Suppose 0 = 3*t + 2*w + 35, -3*t - j = t + w. Determine z(t).
0
Let w = 932 - 929. Let a(h) be the second derivative of h**6/720 - h**5/60 + h**4/12 + 3*h. Let n(j) be the third derivative of a(j). Give n(w).
1
Let j(l) be the first derivative of 17/2*l**2 + 0*l -